6 - -80 - 152) + 91?
-17
Evaluate 40 + -26 + (34 - 27) - (8 + -1).
14
(-54 + 27 - (-15 + -14)) + -25
-23
9 - (-67 + (-7 - 2 - -3) + 6 + -2)
78
2 - -52 - (582 - 555)
27
What is -32 - (-11 + -2) - -25 - (-2 - 40)?
48
What is the value of 2154 + -2163 - (-2 - 5)?
-2
0 - -1 - (-117 - -107) - -2
13
What is the value of -35 - (3 + 31) - -55?
-14
What is the value of 16 - (-2 + -108 + 115)?
11
What is the value of 1 + 42 + 15 + (15 - (44 + -27))?
56
What is the value of 4 + 11 + -4 - (4 - -11 - -15)?
-19
Evaluate (19 - 17 - -10 - (-22 + 50)) + (0 - -20).
4
What is 40 + 2 + (-596 - -638)?
84
Calculate -48 + 8 + 34 - -42.
36
Evaluate -19 + (11 + (-14 - -14) + -21 - -23).
-6
Calculate 12 + 2 + -19 + 18 - (91 - 3).
-75
What is (-36 - 6) + (64 - 9)?
13
Calculate (5 - -1) + (22 + -1 - (-32 - -39)).
20
Calculate -1626 + 1589 - (-36 + (1 - -2)).
-4
What is -5 + -1 - (-4 + -54 + 60)?
-8
Evaluate -1 + 47 - (4558 + -4612).
100
What is -4 - 2 - (3 + 1 + -2) - (7 - 34)?
19
What is -223 - -259 - (-2 + 51) - 91?
-104
What is the value of 19 - (-59 + 60 + (-11 - -1) - -12)?
16
Calculate -7 + (12 - -6) + -4 - (31 - 20).
-4
Evaluate (7 - (17 + -16 + 9)) + -7 + 1 - 16.
-25
(-3 - -3) + (100 - 5 - (3 + -2 + 1))
93
What is the value of 22 - (-38 + (-4 - -25))?
39
Evaluate (-17 - -40) + -85 - (8 + -29).
-41
What is the value of 60 + (9 - (13 + (-7 - 2)) - 4) + -5?
56
Evaluate (25 - 6 - 0) + (181 - 146).
54
Calculate 18 + 89 - (219 - 103).
-9
What is 3 - 31 - (27 + 15 + -36)?
-34
Calculate 56 - (-46 - -152) - -90.
40
Calculate 2 + 0 + -5 + 9 + -8378 + 8439.
67
18 + -12 - 13 - -10 - (2 - -1) - 15
-15
Evaluate -118 + 149 + 99 - 70.
60
Calculate 24 - 5 - (-716 + 803).
-68
Evaluate -3 - -111 - 0 - (8866 + -8842).
84
What is the value of -26 + -47 + 139 + -21 + 1 + -13?
33
What is 31 + -71 - (-3 + -5 - -5)?
-37
What is the value of 26 + (76 + -77 - (-2 + 3))?
24
What is -2 + -24 + -9473 + 9487?
-12
-10 - (1 + -1 + (47 - 37) + 2)
-22
Calculate 23 + (-4 - (7 - -1 - (-8 + 5 + 5))).
13
What is the value of 20 + (-31 + 31 - 6) - (36 - 0)?
-22
Calculate -1 - -3 - (22 + 14 + -3).
-31
Evaluate -71 + (117 - (55 - -1)).
-10
What is 36 - (6 - (-294 + 311 + -4 + 1))?
44
What is the value of 50 - 1 - (-23 + (23 - 8) + 8)?
49
Evaluate (-33 - 14) + 24 + -10 + -39 + 40.
-32
What is the value of 4 + 9 + -12 - 15 - -3 - 10?
-21
-8 + -7 + -9 + (0 - -26)
2
What is 9 + 1 + 12 + -36 + 14 + 4?
4
What is the value of (-81 - (-154 + 85)) + 5 + -67 + -1?
-75
Evaluate -10 - (7 + (29 + -26 - 3)).
-17
Calculate 10163 + -10250 - (5 + 1 + 2).
-95
-4 + 0 - (26 + -104 + 66)
8
(113299 - 113331) + 1 + 3 + (0 - (0 - 1))
-27
Calculate 2 + 1 - -52 - (-146 + 166).
35
What is -1505 - -1504 - (0 + 2 + 31)?
-34
What is the value of (-11 - (-3 - (-8 - -15))) + 3 - -2?
4
Calculate (1 - -1) + (-72 - ((133 - 44) + -45)).
-114
78 - (151 - 90) - -89
106
What is the value of -23 + (113 - 95) - -64?
59
Calculate 67 - ((-108 - -130) + 42).
3
Calculate (4 - 5 - -72) + (-26 + -1 - (331 + -347)).
60
Calculate -10 - (31 - 48) - -35.
42
(20 - 24) + 11 + 15 + -5
17
1 + (86 + -78 + (0 - -3) - 12) + 32
32
What is the value of (1056 - 998) + (-1 - 42)?
15
(39 - 18) + -10 + (-2 - -2) + -10
1
Evaluate -17 + (0 - (-8 + 15 + 19)).
-43
What is (-16 - -19 - -1) + 5 + (-1 - 62)?
-54
What is (-23 - (-9 - -4)) + -9 + 11 + 6 + -42?
-52
Evaluate -93 - -85 - (4 - (-7 - (-36 + 0))).
17
Calculate -52 + -12 + (-30 - -2) - (17 + -3).
-106
Evaluate 1 + -7 - (4 - 3 - 11) - (-29 - 1).
34
Calculate 82 + 0 - (9 - (11 + -11)) - -14.
87
Evaluate 6 - 1 - (-11 + 6 - (-1 - (0 - -41))).
-32
What is 17 + 21 + -39 + 59 - 21?
37
-1 + 39 + -35 + -51
-48
Evaluate (-9098 + 9100 - (3 + (-1 - -1))) + (-1 - 29).
-31
(3 - 16 - (-3 - -1)) + 107 + -56 + 21
61
Evaluate 21 + (17 - 109) - -60.
-11
-30 + (0 - 21) - ((4 - 7) + (4 - 2))
-50
62 + -25 + (21 + -33 - -34)
59
Calculate -20 + (54 - (-30 - -49)) - -45.
60
Calculate 50 + -18 - 43 - -45.
34
Evaluate 40 + -120 + 70 - 47.
-57
92 + -56 - -58 - 58
36
What is the value of 2 + -2 + -16 + -3 + -38 + 33?
-24
What is -51 + (53 + (-27 - -2) - 3)?
-26
What is (54 - 22) + (12 - 18) - -5?
31
What is (-4 - -11) + (-13 + 18 - 20) + 7 + 16?
15
What is -4 - (6 - (3 - 0)) - ((-98 - -47) + 24)?
20
What is (-4 - -57 - (-5 - -2)) + 24 + 22 + -56?
46
What is the value of -1 + (2 + (-2 - 8) + (611 - 600) - 21)?
-19
What is 42 + -44 - (-1 + (18 - 12)) - -101?
94
-17 + (-5 - (0 - 17)) - (-1 + 1) - -13
8
Evaluate -53 - (9 - 36) - -36.
10
Calculate -3 + -4 + 71 - (-89 - -102) - -3.
54
Calculate (12 - (1 + (2 - 5))) + 1213 + -1221.
6
What is -5 - 3 - -53 - (285 - 264)?
24
What is 1 + 3 + 0 + -60 + 49 + 13 - -8?
14
Calculate (5 - 8) + 112 + -37.
72
24 - (-8 + 17) - 53 - (-11 - -14)
-41
-44 - (16 + -46 + -12) - (14 + (1 - 1))
-16
-55 + -4 - (-16 - 90)
47
What is 1325 + -1391 + -43 + 7?
-102
Evaluate (-19 - -1 - -91) + -66.
7
What is -8 + (10 + 0 - (-14 + 1 - (-826 - -828)))?
17
What is the value of (-2 - (-39 - -46)) + (-11 - (-8 - -2)) - 29?
-43
Evaluate 1 + -145 + (-10953 - -11079).
-18
Evaluate -3 + (211 - 217 - (-1 + 4 + -4 + 14)).
-22
(238 - 247) + (-4 - -2 - -9) - (18 + -22)
2
What is -101 + 27 + -31 + 15?
-90
What is 17 + -7 + (-218 - -185)?
-23
Calculate -1240 + 1134 - (-2 + -2 + -28).
-74
What is (-29 + 88 - 85) + (-32 - 2)?
-60
What is the value of (-87 - -1 - (1 + 0)) + (-3 - -3)?
-87
Calculate (-8 - ((5 - 13) + (-21 - -21))) + -13 + -78.
-91
What is -86 + (28 - -9 - 25)?
-74
What is 24 - ((-7 - -3) + 19 + (-25 - (-26 - -15)))?
23
What is the value of 8 + (2 - -12 - (45 + 12)) - (-11 - -3)?
-27
Evaluate -2 - (-27 - -20 - (79 + -3 - (-24 - -24))).
81
Evaluate -4 - 16 - (-1 + -63) - 17.
27
What is the value of -102 + -164 + 94 + 127?
-45
What is the value of (-15 - (-16 + (-13 - ((-17 - -8) + 1)))) + -68?
-62
What is the value of (20 - (-7 - -33)) + -17 - -41?
18
What is the value of (29 - -82) + (-260 - -72)?
-77
Evaluate -4 + 70 - (1589 + -1634).
111
What is -9 - (673 + -708 - (-1 - 21))?
4
What is 1 + -23 + -21 + -9 + 43 - 18?
-27
What is the value of (24 - 43) + 20 + (17 - 14)?
4
-19 - (130 - 76 - (17 + (9 - 6)))
-53
Calculate (-12 + 11 - (17 - 10)) + (3 - 14).
-19
Calculate -19 - 0 - ((23 + -12 - 69) + -24).
63
Evaluate 25 + -7 + -63 + 32.
-13
Calculate (-1 - -36) + (-1043 - -973).
-35
Calculate 0 + -2 - (-19 + 2 - -2 - (-56 + -31)).
-74
What is 534 + -572 - (11 - 4 - 46)?
1
Evaluate 0 + 15 + 726 + -738 - (-2 - 0).
5
Calculate -10 + (0 - (27 - (25 - 18))).
-30
Calculate 53 - (-3 + (21 - 5) + -8 + 1).
47
What is 39 - (10 + 8 + -7) - -5?
33
What is -14 - (6 + 58 + -99)?
21
Calculate 1 - 11 - (-8 - 61 - (11 + 12 + -3)).
79
(-25 + 11 - (-6 + 3)) + -8 + 30
11
What is 5 + (-36 - -15) + 9 + 22?
15
What is -3 + 5 + 62 + (12 - -4 - 21 - -13)?
72
-33 + (33 + 3 - 17) - -82 - (5 - -4)
59
Evaluate 2 - 3 - (109 - 74 - (-5 - (-2 - -1))).
-40
Calculate (2 - (-4 - 1)) + (-2947 - -2927) - -3.
-10
What is 1 - 32 - (-521 + 465)?
25
Evaluate -11 - (-17 + 33 + -9 + 19 + -3 + -9).
-25
What is 2 + 22 - (-25 - (-11 + -23)) - 13?
2
(-8 - (-33 + 22) - ((1 - -5) + 4)) + 54
47
186 + (-114 - 56) - (1 - (-28 + 2))
-11
Calculate (0 - 3 - ((-26 - -23) + 6)) + 138 + 3.
135
79 + (-6 - 13) + -78 + 46
28
Evaluate 45 - ((28 - 9) + 10 + 156).
-140
What is 665 - 589 - (-6 - -223)?
-141
What is (100 - -1) + -45 + (1 + 8 - -37)?
102
Calculate (25 - (48 - 19)) + (4 - (-2 - -8) - 7).
-13
What is (8 - 14) + -10 + 10 + (-9 - -5)?
-10
What is (-13 - -1) + 22 + (0 - 28)?
-18
What is (36 - (-3 - -73)) + 36 + -1 + -7?
-6
Calculate -6 + -83 + 40 - -15.
-34
What is (-107 + 112 - (3 - -8)) + -13 + 1?
-18
What is 19 + -54 + 15 + 36 + -1 + 15?
30
Calculate -23 - (1 + (33 - (0 + 4))).
-53
Evaluate 2 + (-36 - -17) + 40 + -10 - 41.
-28
What is the value of 118 - 103 - (-3 - -8 - (22 + 7))?
39
What is the value of -6 + 4 + 7 + (-23 - (48 - 13))?
-53
What is -11 + 40 + -43 + 31 - -108?
125
Evaluate (4 - -6) + -6 + 5 + (-19 - 17).
-27
34 + 0 - (-31 + -72 + 113)
24
Calculate 29 + -10 + (3 - 5) + -12 + -13.
-8
What is the value of -1 + -11 + 26 - (99 - (17 - 13))?
-81
Calculate -1 + (-13 - (-21 - -124)) + 25.
-92
What is the value of -8 + -1 + (6 - 9) + 25 + -25 - 34?
-46
1 + 35 - (6 + (-30 - -38))
22
What is the value of (-102 - 0) + (10339 - 10240)?
-3
-1 + -9 + (-19 - (-17 - 16))
4
Evaluate (-